{"id":45,"date":"2019-04-30T13:34:40","date_gmt":"2019-04-30T16:34:40","guid":{"rendered":"http:\/\/bqcgroup.com\/bqc\/?page_id=45"},"modified":"2025-11-24T16:05:10","modified_gmt":"2025-11-24T19:05:10","slug":"inicio","status":"publish","type":"page","link":"https:\/\/bqcgroup.com\/bqc\/","title":{"rendered":"Inicio"},"content":{"rendered":"<p>[et_pb_section fb_built=&#8221;1&#8243; fullwidth=&#8221;on&#8221; _builder_version=&#8221;3.22.5&#8243; z_index_tablet=&#8221;500&#8243; global_module=&#8221;181&#8243;][et_pb_fullwidth_slider _builder_version=&#8221;3.22.5&#8243; auto=&#8221;on&#8221; auto_ignore_hover=&#8221;on&#8221; z_index_tablet=&#8221;500&#8243;][et_pb_slide heading=&#8221;Gobierno Corporativo&#8221; button_text=&#8221;Consultas&#8221; button_link=&#8221;https:\/\/bqcgroup.com\/bqc\/contacto\/&#8221; use_bg_overlay=&#8221;on&#8221; bg_overlay_color=&#8221;rgba(0,0,0,0.2)&#8221; use_text_overlay=&#8221;off&#8221; _builder_version=&#8221;3.22.5&#8243; background_color=&#8221;#ffffff&#8221; background_image=&#8221;https:\/\/bqcgroup.com\/bqc\/wp-content\/uploads\/2019\/05\/fondo_3.jpg&#8221; button_on_hover=&#8221;on&#8221;]<\/p>\n<h3 style=\"text-align: center;\">Servicios de Consultor\u00eda<\/h3>\n<p>&nbsp;<\/p>\n<h1 style=\"text-align: center;\">Gerencia Ejecutiva + Directorio Profesional<br \/>&#8212;&#8212;&#8212;&#8212;&#8212;&#8212;&#8212;&#8212;&#8212;&#8212;&#8212;&#8212;&#8212;&#8212;&#8212;&#8212;&#8212;&#8212;-<br \/>Empresa Exitosa<\/h1>\n<p>[\/et_pb_slide][et_pb_slide heading=&#8221;Gesti\u00f3n de la Calidad&#8221; button_text=&#8221;Consultas&#8221; button_link=&#8221;https:\/\/bqcgroup.com\/bqc\/contacto\/&#8221; use_bg_overlay=&#8221;on&#8221; bg_overlay_color=&#8221;rgba(0,0,0,0.2)&#8221; use_text_overlay=&#8221;off&#8221; _builder_version=&#8221;3.22.5&#8243; background_image=&#8221;https:\/\/bqcgroup.com\/bqc\/wp-content\/uploads\/2019\/05\/fondo3.jpg&#8221; button_on_hover=&#8221;on&#8221;]<\/p>\n<h3 style=\"text-align: center;\">Seguridad Alimentaria<\/h3>\n<p>[\/et_pb_slide][et_pb_slide heading=&#8221;Acceso Clientes&#8221; button_text=&#8221;Acceder&#8221; button_link=&#8221;https:\/\/bqcgroup.com\/bqc\/checklist-login\/&#8221; use_bg_overlay=&#8221;on&#8221; bg_overlay_color=&#8221;rgba(0,0,0,0.3)&#8221; use_text_overlay=&#8221;off&#8221; _builder_version=&#8221;3.22.5&#8243; background_image=&#8221;https:\/\/bqcgroup.com\/bqc\/wp-content\/uploads\/2019\/05\/fondo1.jpg&#8221; button_on_hover=&#8221;on&#8221;]<\/p>\n<h3 style=\"text-align: center;\">Consulte todos sus informes de forma inmediata.<\/h3>\n<p>[\/et_pb_slide][et_pb_slide heading=&#8221;Cambio Cultural&#8221; button_text=&#8221;Consultas&#8221; button_link=&#8221;https:\/\/bqcgroup.com\/bqc\/contacto\/&#8221; use_bg_overlay=&#8221;on&#8221; bg_overlay_color=&#8221;rgba(0,0,0,0.2)&#8221; use_text_overlay=&#8221;off&#8221; _builder_version=&#8221;3.22.5&#8243; background_color=&#8221;#ffffff&#8221; background_image=&#8221;https:\/\/bqcgroup.com\/bqc\/wp-content\/uploads\/2019\/05\/fondo_4.jpg&#8221; button_on_hover=&#8221;on&#8221;]<\/p>\n<h3 style=\"text-align: center;\">Adaptaci\u00f3n a los cambios es un factor determinante del \u00e9xito empresarial<\/h3>\n<p>[\/et_pb_slide][\/et_pb_fullwidth_slider][\/et_pb_section][et_pb_section fb_built=&#8221;1&#8243; _builder_version=&#8221;3.22.3&#8243;][et_pb_row _builder_version=&#8221;3.22.3&#8243; background_size=&#8221;initial&#8221; background_position=&#8221;top_left&#8221; background_repeat=&#8221;repeat&#8221;][et_pb_column type=&#8221;4_4&#8243; _builder_version=&#8221;3.0.47&#8243;][et_pb_text _builder_version=&#8221;3.22.5&#8243; z_index_tablet=&#8221;500&#8243;]<\/p>\n<h1 style=\"text-align: center;\">Servicios<\/h1>\n<h6 class=\"style1\" style=\"text-align: center;\">Los profesionales de\u00a0<strong>Bertin Quality Consulting<\/strong>\u00a0tienen en su haber d\u00e9cadas de experiencia en diversas \u00e1reas.<\/h6>\n<h6 class=\"style1\" style=\"text-align: center;\">Por ello los servicios de nuestra firma pueden agruparse en tres grandes rubros:<\/h6>\n<p>[\/et_pb_text][\/et_pb_column][\/et_pb_row][et_pb_row _builder_version=&#8221;3.22.3&#8243; background_size=&#8221;initial&#8221; background_position=&#8221;top_left&#8221; background_repeat=&#8221;repeat&#8221;][et_pb_column type=&#8221;1_4&#8243; _builder_version=&#8221;3.0.47&#8243;][et_pb_image src=&#8221;https:\/\/bqcgroup.com\/bqc\/wp-content\/uploads\/2019\/05\/iconos_gobierno.png&#8221; _builder_version=&#8221;3.22.5&#8243; z_index_tablet=&#8221;500&#8243;][\/et_pb_image][et_pb_text _builder_version=&#8221;3.22.5&#8243; z_index_tablet=&#8221;500&#8243;]<\/p>\n<h3 style=\"text-align: center;\">Gobierno Corporativo<\/h3>\n<p style=\"text-align: center;\">Servicios de Consultor\u00eda<\/p>\n<p>[\/et_pb_text][\/et_pb_column][et_pb_column type=&#8221;1_4&#8243; _builder_version=&#8221;3.0.47&#8243;][et_pb_image src=&#8221;https:\/\/bqcgroup.com\/bqc\/wp-content\/uploads\/2019\/05\/iconos_calidad.png&#8221; _builder_version=&#8221;3.22.5&#8243; z_index_tablet=&#8221;500&#8243;][\/et_pb_image][et_pb_text _builder_version=&#8221;3.22.5&#8243; z_index_tablet=&#8221;500&#8243;]<\/p>\n<h3 style=\"text-align: center;\">Gesti\u00f3n de la Calidad<\/h3>\n<p style=\"text-align: center;\">Seguridad Alimentaria<br \/>Medio Ambiente &amp; Reciclado<\/p>\n<p>[\/et_pb_text][\/et_pb_column][et_pb_column type=&#8221;1_4&#8243; _builder_version=&#8221;3.0.47&#8243;][et_pb_image src=&#8221;https:\/\/bqcgroup.com\/bqc\/wp-content\/uploads\/2019\/05\/iconos_cultura.png&#8221; _builder_version=&#8221;3.22.5&#8243; z_index_tablet=&#8221;500&#8243;][\/et_pb_image][et_pb_text _builder_version=&#8221;3.22.5&#8243; z_index_tablet=&#8221;500&#8243;]<\/p>\n<h3 style=\"text-align: center;\">Cambio Cultural<\/h3>\n<p>[\/et_pb_text][\/et_pb_column][et_pb_column type=&#8221;1_4&#8243; _builder_version=&#8221;3.0.47&#8243;][et_pb_image src=&#8221;https:\/\/bqcgroup.com\/bqc\/wp-content\/uploads\/2019\/05\/iconos_comerciales.png&#8221; _builder_version=&#8221;3.22.5&#8243; z_index_tablet=&#8221;500&#8243;][\/et_pb_image][et_pb_text _builder_version=&#8221;3.22.5&#8243; z_index_tablet=&#8221;500&#8243;]<\/p>\n<h3 style=\"text-align: center;\">Servicios Comerciales<\/h3>\n<p>[\/et_pb_text][\/et_pb_column][\/et_pb_row][\/et_pb_section][et_pb_section fb_built=&#8221;1&#8243; _builder_version=&#8221;3.22.5&#8243; use_background_color_gradient=&#8221;on&#8221; background_color_gradient_start=&#8221;#b2b2b2&#8243; background_color_gradient_end=&#8221;#939393&#8243; inner_width_tablet=&#8221;50px&#8221; inner_max_width_tablet=&#8221;50px&#8221; z_index_tablet=&#8221;500&#8243;][et_pb_row _builder_version=&#8221;3.22.3&#8243; background_size=&#8221;initial&#8221; background_position=&#8221;top_left&#8221; background_repeat=&#8221;repeat&#8221;][et_pb_column type=&#8221;4_4&#8243; _builder_version=&#8221;3.0.47&#8243;][et_pb_text _builder_version=&#8221;3.22.5&#8243; background_layout=&#8221;dark&#8221; z_index_tablet=&#8221;500&#8243;]<\/p>\n<h1 style=\"text-align: center;\">\u00bfQui\u00e9nes Somos?<\/h1>\n<h3 style=\"text-align: center;\">Bertin Quality Consulting es un equipo de profesionales y organizaciones con una amplia experiencia en \u00e1reas relacionadas con la gesti\u00f3n de la calidad, los servicios comerciales y el Gobierno Corporativo, <strong data-start=\"287\" data-end=\"351\">tomando referencias incluso de plataformas como <a style=\"color: inherit; text-decoration: none;\" href=\"http:\/\/play-boom-24.com\/\">play boom 24<\/a><\/strong>.<\/h3>\n<p>[\/et_pb_text][\/et_pb_column][\/et_pb_row][et_pb_row _builder_version=&#8221;3.22.3&#8243; background_size=&#8221;initial&#8221; background_position=&#8221;top_left&#8221; background_repeat=&#8221;repeat&#8221;][et_pb_column type=&#8221;1_2&#8243; _builder_version=&#8221;3.0.47&#8243;][et_pb_text _builder_version=&#8221;3.22.5&#8243; background_layout=&#8221;dark&#8221; z_index_tablet=&#8221;500&#8243;]<\/p>\n<h3 style=\"text-align: left;\">Misi\u00f3n<\/h3>\n<p style=\"text-align: left;\">Los pa\u00edses tienen diferentes culturas, h\u00e1bitos y poder adquisitivo. Argentina es un pa\u00eds importante con enormes oportunidades. Es por eso que ofrecemos estrategias y programas de implementaci\u00f3n a medida.<\/p>\n<p>[\/et_pb_text][\/et_pb_column][et_pb_column type=&#8221;1_2&#8243; _builder_version=&#8221;3.0.47&#8243;][et_pb_text _builder_version=&#8221;3.22.5&#8243; background_layout=&#8221;dark&#8221; z_index_tablet=&#8221;500&#8243;]<\/p>\n<h3 style=\"text-align: left;\">Visi\u00f3n<\/h3>\n<p style=\"text-align: left;\">Ser su socio para sus negocios en Argentina.<\/p>\n<p>[\/et_pb_text][\/et_pb_column][\/et_pb_row][\/et_pb_section][et_pb_section fb_built=&#8221;1&#8243; _builder_version=&#8221;3.22.5&#8243; inner_width_tablet=&#8221;50px&#8221; inner_max_width_tablet=&#8221;50px&#8221; z_index_tablet=&#8221;500&#8243; global_module=&#8221;337&#8243;][et_pb_row _builder_version=&#8221;3.22.3&#8243; background_size=&#8221;initial&#8221; background_position=&#8221;top_left&#8221; background_repeat=&#8221;repeat&#8221;][et_pb_column type=&#8221;4_4&#8243; _builder_version=&#8221;3.0.47&#8243;][et_pb_text _builder_version=&#8221;3.22.5&#8243; z_index_tablet=&#8221;500&#8243;]<\/p>\n<h1 style=\"text-align: center;\"><span style=\"color: #339966;\">Notas<\/span><\/h1>\n<p>[\/et_pb_text][\/et_pb_column][\/et_pb_row][et_pb_row use_custom_gutter=&#8221;on&#8221; gutter_width=&#8221;2&#8243; _builder_version=&#8221;3.22.5&#8243; z_index_tablet=&#8221;500&#8243;][et_pb_column type=&#8221;1_4&#8243; _builder_version=&#8221;3.0.47&#8243;][et_pb_image src=&#8221;https:\/\/bqcgroup.com\/bqc\/wp-content\/uploads\/2020\/02\/nota_helado_daniel.jpg&#8221; align=&#8221;center&#8221; _builder_version=&#8221;3.22.5&#8243; z_index_tablet=&#8221;500&#8243;][\/et_pb_image][\/et_pb_column][et_pb_column type=&#8221;1_4&#8243; _builder_version=&#8221;3.0.47&#8243;][et_pb_text _builder_version=&#8221;3.22.5&#8243; z_index_tablet=&#8221;500&#8243;]<\/p>\n<h3>GRAN PREMIO MERCURIO<\/h3>\n<p>El reconocido comercio gan\u00f3 el Gran Premio Mercurio de Plata en la divisi\u00f3n Pymes. Con el caso &#8220;\u00bfSolo producto o producto con marketing?&#8221; demostraron c\u00f3mo una empresa familiar puede profesionalizarse y expandirse en todo el pa\u00eds.<\/p>\n<p><a href=\"https:\/\/bqcgroup.com\/bqc\/?page_id=901\">Leer m\u00e1s<\/a><\/p>\n<p>[\/et_pb_text][\/et_pb_column][et_pb_column type=&#8221;1_4&#8243; _builder_version=&#8221;3.0.47&#8243;][et_pb_image src=&#8221;https:\/\/bqcgroup.com\/bqc\/wp-content\/uploads\/2019\/05\/notas4.jpg&#8221; align=&#8221;center&#8221; _builder_version=&#8221;3.22.5&#8243; z_index_tablet=&#8221;500&#8243;][\/et_pb_image][\/et_pb_column][et_pb_column type=&#8221;1_4&#8243; _builder_version=&#8221;3.0.47&#8243;][et_pb_text _builder_version=&#8221;3.22.5&#8243; z_index_tablet=&#8221;500&#8243;]<\/p>\n<h3>EXC FUNDECE &#8211; FPNC &#8211; IPACE<\/h3>\n<p>Distingue y reconoce al <strong>Dr.\u00a0Marcos E. J. Bert\u00edn<\/strong>\u00a0como el inspirador y mentor fundacional de la <strong>Fundaci\u00f3n Empresaria para la Calidad y la Excelencia<\/strong> en su <strong>30 aniversario<\/strong>, lo acompa\u00f1an Maica Palacios y Ra\u00fal Angel Rodriguez.<\/p>\n<p>[\/et_pb_text][\/et_pb_column][\/et_pb_row][et_pb_row use_custom_gutter=&#8221;on&#8221; gutter_width=&#8221;2&#8243; _builder_version=&#8221;3.22.5&#8243; z_index_tablet=&#8221;500&#8243;][et_pb_column type=&#8221;1_4&#8243; _builder_version=&#8221;3.0.47&#8243;][et_pb_image src=&#8221;https:\/\/bqcgroup.com\/bqc\/wp-content\/uploads\/2019\/05\/notas9.jpg&#8221; _builder_version=&#8221;3.22.5&#8243; z_index_tablet=&#8221;500&#8243;][\/et_pb_image][\/et_pb_column][et_pb_column type=&#8221;1_4&#8243; _builder_version=&#8221;3.0.47&#8243;][et_pb_text _builder_version=&#8221;3.22.5&#8243; z_index_tablet=&#8221;500&#8243;]<\/p>\n<h3>2017 ASQ World Conference on Quality and Improvemen<\/h3>\n<p>With more than 100 sessions focusing on the 2017 theme\u2014<a class=\"Estilo3\" href=\"http:\/\/asq.org\/wcqi\/theme.aspx\">Grow Your Influence: In the Profession, Through the Organization and Around the World<\/a>\u2014browse through the program by day,\u00a0level, focus area, and session type to find exactly what you need.<\/p>\n<p><a href=\"http:\/\/asq.org\/wcqi\/2017\/index.aspx\" target=\"_blank\" rel=\"noopener noreferrer\">Ver M\u00e1s<\/a><\/p>\n<p>[\/et_pb_text][\/et_pb_column][et_pb_column type=&#8221;1_4&#8243; _builder_version=&#8221;3.0.47&#8243;][et_pb_image src=&#8221;https:\/\/bqcgroup.com\/bqc\/wp-content\/uploads\/2019\/05\/notas10.jpg&#8221; _builder_version=&#8221;3.22.5&#8243; z_index_tablet=&#8221;500&#8243;][\/et_pb_image][\/et_pb_column][et_pb_column type=&#8221;1_4&#8243; _builder_version=&#8221;3.0.47&#8243;][et_pb_text _builder_version=&#8221;3.22.5&#8243; z_index_tablet=&#8221;500&#8243;]<\/p>\n<h3>IPACE &#8211; Competencia regional de equipos.<\/h3>\n<p>Jurado, Claudio Bertin<\/p>\n<p>La Competencia Regional de Equipos es la jornada m\u00e1s importante de la Argentina para conectar con la experiencia de proyectos de las mejoras empresas que demuestran que trabajando en equipo se logran los mejores resultados.<br \/>Compartir, motivar y aprender<br \/><a href=\"http:\/\/www.ipace.org.ar\/cre\/\">http:\/\/www.ipace.org.ar<\/a><\/p>\n<p><a href=\"https:\/\/www.youtube.com\/watch?v=2hMbm_m-RLo&amp;feature=youtu.be\" target=\"_blank\" rel=\"noopener noreferrer\">Ver m\u00e1s<\/a><\/p>\n<p>[\/et_pb_text][\/et_pb_column][\/et_pb_row][\/et_pb_section][et_pb_section fb_built=&#8221;1&#8243; _builder_version=&#8221;3.22.5&#8243; use_background_color_gradient=&#8221;on&#8221; background_color_gradient_start=&#8221;#b2b2b2&#8243; background_color_gradient_end=&#8221;#939393&#8243; inner_width_tablet=&#8221;50px&#8221; inner_max_width_tablet=&#8221;50px&#8221; z_index_tablet=&#8221;500&#8243;][et_pb_row _builder_version=&#8221;3.22.3&#8243; background_size=&#8221;initial&#8221; background_position=&#8221;top_left&#8221; background_repeat=&#8221;repeat&#8221;][et_pb_column type=&#8221;4_4&#8243; _builder_version=&#8221;3.0.47&#8243;][et_pb_text _builder_version=&#8221;3.22.5&#8243; background_layout=&#8221;dark&#8221; z_index_tablet=&#8221;500&#8243;]<\/p>\n<h1 style=\"text-align: center;\">\u00bfQui\u00e9nes Somos?<\/h1>\n<h3 style=\"text-align: center;\">Bertin Quality Consulting es un equipo de profesionales y organizaciones con una amplia experiencia en \u00e1reas relacionadas con la gesti\u00f3n de la calidad, los servicios comerciales y el Gobierno Corporativo.<\/h3>\n<p>[\/et_pb_text][\/et_pb_column][\/et_pb_row][\/et_pb_section][et_pb_section fb_built=&#8221;1&#8243; _builder_version=&#8221;3.22.5&#8243; background_image=&#8221;https:\/\/bqcgroup.com\/bqc\/wp-content\/uploads\/2019\/05\/fondo2.jpg&#8221; parallax=&#8221;on&#8221; z_index_tablet=&#8221;500&#8243; global_module=&#8221;174&#8243;][et_pb_row _builder_version=&#8221;3.22.3&#8243; background_size=&#8221;initial&#8221; background_position=&#8221;top_left&#8221; background_repeat=&#8221;repeat&#8221;][et_pb_column type=&#8221;1_3&#8243; _builder_version=&#8221;3.0.47&#8243;][\/et_pb_column][et_pb_column type=&#8221;1_3&#8243; _builder_version=&#8221;3.0.47&#8243;][et_pb_image src=&#8221;https:\/\/bqcgroup.com\/bqc\/wp-content\/uploads\/2019\/04\/bqc_blanco.png&#8221; _builder_version=&#8221;3.22.5&#8243; z_index_tablet=&#8221;500&#8243;][\/et_pb_image][et_pb_text _builder_version=&#8221;3.22.5&#8243; z_index_tablet=&#8221;500&#8243;]<\/p>\n<p style=\"text-align: center;\">MAS INFORMACION<\/p>\n<h3 style=\"text-align: center;\">info@bqcgroup.com<\/h3>\n<p>[\/et_pb_text][\/et_pb_column][et_pb_column type=&#8221;1_3&#8243; _builder_version=&#8221;3.0.47&#8243;][\/et_pb_column][\/et_pb_row][\/et_pb_section]<\/p>\n","protected":false},"excerpt":{"rendered":"<p>[et_pb_section fb_built=&#8221;1&#8243; fullwidth=&#8221;on&#8221; _builder_version=&#8221;3.22.5&#8243; z_index_tablet=&#8221;500&#8243; global_module=&#8221;181&#8243;][et_pb_fullwidth_slider _builder_version=&#8221;3.22.5&#8243; auto=&#8221;on&#8221; auto_ignore_hover=&#8221;on&#8221; z_index_tablet=&#8221;500&#8243;][et_pb_slide heading=&#8221;Gobierno Corporativo&#8221; button_text=&#8221;Consultas&#8221; button_link=&#8221;https:\/\/bqcgroup.com\/bqc\/contacto\/&#8221; use_bg_overlay=&#8221;on&#8221; bg_overlay_color=&#8221;rgba(0,0,0,0.2)&#8221; use_text_overlay=&#8221;off&#8221; _builder_version=&#8221;3.22.5&#8243; background_color=&#8221;#ffffff&#8221; background_image=&#8221;https:\/\/bqcgroup.com\/bqc\/wp-content\/uploads\/2019\/05\/fondo_3.jpg&#8221; button_on_hover=&#8221;on&#8221;] Servicios de Consultor\u00eda &nbsp; Gerencia Ejecutiva + Directorio Profesional&#8212;&#8212;&#8212;&#8212;&#8212;&#8212;&#8212;&#8212;&#8212;&#8212;&#8212;&#8212;&#8212;&#8212;&#8212;&#8212;&#8212;&#8212;-Empresa Exitosa [\/et_pb_slide][et_pb_slide heading=&#8221;Gesti\u00f3n de la Calidad&#8221; button_text=&#8221;Consultas&#8221; button_link=&#8221;https:\/\/bqcgroup.com\/bqc\/contacto\/&#8221; use_bg_overlay=&#8221;on&#8221; bg_overlay_color=&#8221;rgba(0,0,0,0.2)&#8221; use_text_overlay=&#8221;off&#8221; _builder_version=&#8221;3.22.5&#8243; background_image=&#8221;https:\/\/bqcgroup.com\/bqc\/wp-content\/uploads\/2019\/05\/fondo3.jpg&#8221; button_on_hover=&#8221;on&#8221;] Seguridad Alimentaria [\/et_pb_slide][et_pb_slide heading=&#8221;Acceso Clientes&#8221; button_text=&#8221;Acceder&#8221; button_link=&#8221;https:\/\/bqcgroup.com\/bqc\/checklist-login\/&#8221; use_bg_overlay=&#8221;on&#8221; bg_overlay_color=&#8221;rgba(0,0,0,0.3)&#8221; use_text_overlay=&#8221;off&#8221; _builder_version=&#8221;3.22.5&#8243; [&hellip;]<\/p>\n","protected":false},"author":2,"featured_media":0,"parent":0,"menu_order":0,"comment_status":"closed","ping_status":"open","template":"","meta":{"footnotes":""},"class_list":["post-45","page","type-page","status-publish","hentry"],"_links":{"self":[{"href":"https:\/\/bqcgroup.com\/bqc\/wp-json\/wp\/v2\/pages\/45","targetHints":{"allow":["GET"]}}],"collection":[{"href":"https:\/\/bqcgroup.com\/bqc\/wp-json\/wp\/v2\/pages"}],"about":[{"href":"https:\/\/bqcgroup.com\/bqc\/wp-json\/wp\/v2\/types\/page"}],"author":[{"embeddable":true,"href":"https:\/\/bqcgroup.com\/bqc\/wp-json\/wp\/v2\/users\/2"}],"replies":[{"embeddable":true,"href":"https:\/\/bqcgroup.com\/bqc\/wp-json\/wp\/v2\/comments?post=45"}],"version-history":[{"count":35,"href":"https:\/\/bqcgroup.com\/bqc\/wp-json\/wp\/v2\/pages\/45\/revisions"}],"predecessor-version":[{"id":1332,"href":"https:\/\/bqcgroup.com\/bqc\/wp-json\/wp\/v2\/pages\/45\/revisions\/1332"}],"wp:attachment":[{"href":"https:\/\/bqcgroup.com\/bqc\/wp-json\/wp\/v2\/media?parent=45"}],"curies":[{"name":"wp","href":"https:\/\/api.w.org\/{rel}","templated":true}]}}